 common factor of w and l?
10
Let r be (-20)/(-5)*(-4 + 20). Suppose -r = -v - v. What is the highest common divisor of v and 8?
8
Suppose 5*i = -34*i + 1170. Calculate the greatest common divisor of i and 18.
6
Let x(t) = -2*t - 36. Let l be x(-9). Let r be (-786)/l + ((-4)/(-3) - 1). Calculate the highest common divisor of r and 11.
11
Suppose -2*r - 4*y + 64 = -0*r, r - 23 = -5*y. Suppose 0 = x - 187 - 3. What is the highest common divisor of x and r?
38
Let p(k) be the third derivative of k**5/30 + k**4/24 + 2*k**2. Let f be p(-3). Let q = 440 + -275. What is the highest common factor of q and f?
15
Let q(o) = -o**2 - 28*o + 736. Let l be q(0). Calculate the highest common factor of l and 32.
32
Let y be (-5 + 7)*(-91)/(-2). Let l(b) = b**2 + 12*b. Let p be l(-12). Suppose 3*x + 6 = p, -3*x + 59 = 4*k + k. Calculate the highest common factor of y and k.
13
Let i = -1 + 76. Calculate the greatest common factor of i and 175.
25
Suppose -3*m - 2*a + 240 = 0, -4*m + 77 + 243 = 4*a. Suppose 0 = 7*n - 2*n - m. Let f = 127 + 17. What is the greatest common factor of f and n?
16
Let c = -1 + 9. Let q = 23 - c. Suppose 4*k = 3*k + 30. Calculate the highest common factor of k and q.
15
Let b be 3*7/((-42)/4). Let r be (-3)/(-6) + (-279)/b. Calculate the greatest common divisor of r and 14.
14
Let o(x) = 0*x + 16*x + 22 - 4*x - 8*x. Let w be o(4). Calculate the greatest common factor of w and 190.
38
Suppose -5 - 31 = -2*s. Suppose -5*l + 2*v + 188 = 0, 2*v - 3*v = -3*l + 112. What is the highest common divisor of s and l?
18
Suppose -19*n = 492 - 720. What is the highest common divisor of 804 and n?
12
Suppose 4*g = v - 21, 4*g = 4*v - 5*v + 53. Suppose -71 - v = -4*m. What is the greatest common factor of 6 and m?
3
Let y be -4 + 1/((-4)/(-544)). Suppose 0*q = -q + y. What is the highest common factor of 12 and q?
12
Let m be (-20)/10 - 43/(-1). Let c = 60 - m. Suppose 0 = -p + 69 + 64. What is the greatest common factor of p and c?
19
Suppose -2*t + 2 = -4*n, 4*t - 12 = -5*n + 18. Let k = 21 + -19. What is the highest common divisor of k and n?
2
Let c be 24 - ((-4 - -1) + 4). Suppose 3*q + 4*s = 33 - 6, c = 2*q + s. Calculate the greatest common factor of q and 117.
13
Suppose -o + 15 = -26. Suppose -59 - o = -b. What is the greatest common factor of 40 and b?
20
Let j be (2/(-11) + (-159)/33)/(-1). Suppose -g = 2*g - 6. Let b = j - g. What is the greatest common factor of 6 and b?
3
Let g be 1071/12 - (-6)/8. Calculate the greatest common divisor of 10 and g.
10
Suppose -6 = -5*a + 9. Suppose 2*o - 49 = -a*s + 4*o, -99 = -5*s - o. Let r(k) = 58*k**2 + k. Let u be r(-1). Calculate the highest common factor of u and s.
19
Suppose -11*d - 18*d - 354 = -2384. Let q be (1 - (-1 + 1)) + 9. Calculate the highest common divisor of q and d.
10
Let y be 123/18 - (-8)/48. Suppose 36 = 4*z - 20. Calculate the greatest common divisor of z and y.
7
Let o(w) = -w**2 - 35*w + 594. Let l be o(-47). Calculate the highest common divisor of 345 and l.
15
Let n = -74 - -124. Let s be -3*(-3)/((-18)/(-340)). Suppose s = 2*m + 4*o, 2*o = 4*m - o - 285. What is the greatest common divisor of n and m?
25
Let k = -18 + 53. Let w = -306 + 551. What is the highest common factor of k and w?
35
Let u(s) = 6*s + 30. Let x be u(17). Calculate the greatest common factor of 99 and x.
33
Let v = -128 - -182. What is the greatest common divisor of 486 and v?
54
Let r be (-1 - 0)/1 + 31. Suppose 0 = 2*n + n - 24. Suppose -4*w + 32 = -n. What is the highest common factor of w and r?
10
Suppose 4*l + 4*b - 41 = 43, -4*b = -l + 21. What is the highest common factor of l and 28?
7
Let h be 7*(6/2 + -4 + 5). What is the highest common factor of 210 and h?
14
Suppose 7*r - 11*r + 227 = x, 0 = 4*r + 3*x - 233. Calculate the highest common divisor of 868 and r.
28
Suppose -5*o + 64 = -o. Let c = o + -14. Let x be (5 - -3)/c - -2. What is the highest common factor of x and 24?
6
Let n be 522/696 - (0 - (-306)/(-8)). Calculate the highest common factor of 312 and n.
39
Let j(s) = -4*s**3 - s**2 - 3*s - 1. Let w be j(-1). Suppose w*t + 594 = 219. Let k = t - -119. What is the greatest common factor of k and 11?
11
Let o be 36*(16/4 + 0 + -3). What is the greatest common factor of 96 and o?
12
Let c = 15 - 5. Suppose -18 + 13 = -h. Suppose 0 = -2*l + 2, -60 - 45 = -2*m - h*l. What is the greatest common factor of c and m?
10
Let t(q) = -q**2 - 9*q + 457. Let h be t(-26). Calculate the greatest common divisor of 35 and h.
5
Suppose 22 = i - 0*o + o, -4*i - 3*o + 92 = 0. Suppose 0 = -3*p + 364 + 26. Calculate the highest common factor of i and p.
26
Let m be (3 - (-2)/(-1)) + 1. Let w(i) = -4 + i - 10 - m*i + 8*i. Let k be w(8). What is the greatest common divisor of 105 and k?
21
Suppose -2 = -b + 2. Let y be (1/2 + 6/(-4))*-2. Suppose 0 = b*z - 3*z - 3*u - 8, -5*z + 23 = y*u. What is the highest common factor of 35 and z?
5
Suppose y - 4*y = 99. Let v = y - -55. Calculate the highest common divisor of 22 and v.
22
Suppose 2*b + 490 - 528 = 0. Calculate the highest common factor of 209 and b.
19
Let h(r) = r**3 + 3*r**2 - 4*r. Let l be h(-4). Suppose l = 8*q + 2*q - 490. Calculate the highest common factor of q and 7.
7
Let m = -6 + 42. Suppose 41*i - m*i - 60 = 0. Calculate the highest common divisor of i and 36.
12
Suppose -11*g = -4*w - 13*g + 46, -2*w = -3*g - 27. What is the highest common divisor of w and 7?
1
Let s be (0 - 2)/((-152)/2660). Calculate the highest common factor of s and 5.
5
Let y(p) = -p**2 + 27*p + 28. Let n be y(14). What is the greatest common factor of n and 30?
30
Let p = -15 - -10. Let l = p - -61. Let f be -42*(4/3)/(-4). Calculate the highest common divisor of l and f.
14
Suppose 0 = -8*p - 9*p + 323. Calculate the highest common factor of p and 912.
19
Let k(a) = 175*a - 283. Let n be k(2). Calculate the greatest common divisor of 1139 and n.
67
Let c = -381 + 522. Calculate the highest common divisor of 6 and c.
3
Suppose -2*v + 3*l = -9, 3*l = 10*v - 5*v - 45. Let a(i) = 24*i**3 - i**2 + 2*i - 1. Let y be a(1). What is the highest common divisor of y and v?
12
Suppose -10*p = -81 + 31. Let w be ((-4)/p)/(-5 - (-6147)/1230). Calculate the greatest common factor of w and 41.
41
Let r(z) = 77*z - 45. Let f be r(1). Let m(d) = 7*d**2 + 1. Let o be m(1). Calculate the greatest common divisor of o and f.
8
Let i = -6 + 4. Let f be (-8 - -5) + (-36)/i. Calculate the greatest common divisor of f and 165.
15
Suppose 2*r + 12 = 4*r. Suppose -s + 331 = 5*p, 2*p = -0*p - 2*s + 134. What is the greatest common divisor of p and r?
6
Suppose 5*k - 31 = -3*q, 2*k + 3*q + 14 = 6*k. Suppose -t + 25 = -k. Calculate the highest common divisor of t and 330.
30
Let w(h) = -h**2 - 10*h + 12. Suppose 0 = 4*s + 51 - 7. Let l be w(s). Let d(z) = -z + 7. Let a be d(0). What is the greatest common divisor of a and l?
1
Suppose 0 = -2*a + 5*x - 18, -4*a - a - 14 = 3*x. Let k be (60/(-14))/(a/84). Calculate the highest common divisor of k and 10.
10
Let i = 84 + -84. Let a be -1 - ((-492)/6 + i). Calculate the highest common divisor of 54 and a.
27
Let t(i) = 9*i**2 - 5*i - 5. Let l = 5 + -8. Let c be t(l). Let o = 2 - -11. What is the highest common divisor of c and o?
13
Let n = 13 - -5. Suppose 4*t - 122 = -n. What is the greatest common divisor of t and 156?
26
Let z be 9/(-6)*-292 - (0 - 2). What is the greatest common factor of 55 and z?
55
Suppose -3*m = -4*h + 9*h - 893, 0 = -5*m - 3*h + 1499. Calculate the highest common factor of 7 and m.
7
Let h be (19 - -3)/((-10)/(-25)*1). What is the highest common divisor of 88 and h?
11
Let f be (1 + 3 - 1) + 56. Let v = -19 + f. Suppose -3 = 7*j - 38. Calculate the greatest common factor of v and j.
5
Let f(r) = -6*r - 4. Let z be f(-4). Let t(m) = -m**3 - 4*m**2 + 2*m - 3. Let y be t(-5). Let v be 0 - (-40)/y*6. What is the highest common divisor of v and z?
20
Suppose -3*q = -5*k - 209, -2*q - q + 3*k = -207. Let v = q + -64. Calculate the highest common divisor of 32 and v.
4
Let b(x) = -x**3 + 18*x**2 + 14*x - 232. Let q be b(16). What is the highest common divisor of 18 and q?
18
Let q be (-4200)/(-160)*(-32)/(-6). Calculate the greatest common factor of 40 and q.
20
Let k(u) = -8*u**3 + 2*u**2 - u - 2. Suppose -x + 60 = -4*x. Let